{"id":974,"date":"2024-10-18T08:49:25","date_gmt":"2024-10-18T08:49:25","guid":{"rendered":"https:\/\/dulichngoisao.com\/?post_type=product&#038;p=974"},"modified":"2026-02-11T10:16:55","modified_gmt":"2026-02-11T10:16:55","slug":"du-thuyen-5-ha-long-ambassador-daily-17h-22h","status":"publish","type":"product","link":"https:\/\/dulichngoisao.com\/?product=du-thuyen-5-ha-long-ambassador-daily-17h-22h","title":{"rendered":"Du thuy\u1ec1n 5* H\u1ea1 Long Ambassador Dinner (17h-22H)"},"content":{"rendered":"<h4><span style=\"font-size: 100%;\">TR\u00ccNH DI\u1ec4N PH\u00c1O HOA M\u1ed6I T\u1ed0I T\u1ea0I AMBASSADOR DINNER CRUISE &#8220;\ud835\udc08\ud835\udc20\ud835\udc27\ud835\udc22\ud835\udc2d\ud835\udc1e \ud835\udc2d\ud835\udc21\ud835\udc1e \ud835\udc27\ud835\udc22\ud835\udc20\ud835\udc21\ud835\udc2d \ud835\udc1a\ud835\udc27\ud835\udc1d \ud835\udc25\ud835\udc1e\ud835\udc2d \ud835\udc22\ud835\udc2d \ud835\udc2c\ud835\udc21\ud835\udc22\ud835\udc27\ud835\udc1e.&#8221; <\/span><\/h4>\n<h4><span style=\"font-size: 100%;\">Th\u1eafp s\u00e1ng m\u00f9a h\u00e8 c\u1ee7a b\u1ea1n b\u1eb1ng nh\u1eefng s\u1eafc m\u00e0u ph\u00e1o hoa v\u00e0 l\u1ea5p \u0111\u1ea7y b\u1eefa ti\u1ec7c b\u1eb1ng nh\u1eefng kho\u1ea3nh kh\u1eafc \u0111\u00e1ng nh\u1edb. <\/span><\/h4>\n<h4><span style=\"font-size: 100%;\">Ch\u00e0o m\u1eebng \u0111\u1ebfn v\u1edbi Ambassador Dinner Cruise &#8211; n\u01a1i kh\u1edfi \u0111\u1ea7u c\u1ee7a nh\u1eefng \u0111i\u1ec1u kh\u00e1c bi\u1ec7t!<\/span><\/h4>\n<h3 class=\"schedule-title\"><strong>L\u1ecaCH TR\u00ccNH AMBASSADOR CRUISE II K\u00c9O D\u00c0I 04 TI\u1ebeNG ( TI\u1ec6C T\u1ed0I )<\/strong><\/h3>\n<p><strong>17:30 \u2013 18:30 <\/strong>Du kh\u00e1ch check in v\u00e0 di chuy\u1ec3n l\u00ean\u00a0<strong>Du thuy\u1ec1n Ambassador II.<\/strong><\/p>\n<p><span style=\"font-size: 100%;\"> 18:30 Du kh\u00e1ch \u0111\u01b0\u1ee3c ch\u00e0o \u0111\u00f3n v\u00e0 nghe t\u00f3m t\u1eaft v\u1ec1 l\u1ecbch tr\u00ecnh, c\u00e1c quy \u0111\u1ecbnh an to\u00e0n tr\u00eanSundeck t\u1ea7ng 4 t\u1ea1i du thuy\u1ec1n<\/span><\/p>\n<p><span style=\"font-size: 100%;\">18:30 \u2013 22:00 Ng\u1eafm nh\u00ecn v\u1ebb \u0111\u1eb9p lung linh c\u1ee7a th\u00e0nh ph\u1ed1 H\u1ea1 Long v\u1ec1 \u0111\u00eam trong khi du thuy\u1ec1n dichuy\u1ec3n qua c\u00e1c \u0111\u1ecba \u0111i\u1ec3m n\u1ed5i ti\u1ebfng nh\u01b0 C\u1ea7u B\u00e3i Ch\u00e1y, V\u00f2ng quay m\u1eb7t tr\u1eddi (Sun World),N\u00fai B\u00e0i Th\u01a1,\u2026<\/span><\/p>\n<p><span style=\"font-size: 100%;\">18:30 \u2013 20:00 Th\u01b0\u1edfng th\u1ee9c ti\u1ec7c t\u1ed1i <strong>\u00c1 \u2013 \u00c2u th\u01b0\u1ee3ng h\u1ea1ng<\/strong>\u00a0t\u1ea1i nh\u00e0 h\u00e0ng sang tr\u1ecdng tr\u00ean du thuy\u1ec1n.<\/span><\/p>\n<p><span style=\"font-size: 100%;\">22:00 T\u1eadn h\u01b0\u1edfng b\u1eefa ti\u1ec7c gi\u1ea3i tr\u00ed v\u00e0 \u00e2m nh\u1ea1c s\u00f4i \u0111\u1ed9ng t\u1ea1i Sundeck t\u1ea7ng 4 v\u1edbi nh\u1eefng m\u00e0ntr\u00ecnh di\u1ec5n th\u0103ng hoa t\u1eeb ban nh\u1ea1c, ho\u00e0 m\u00ecnh trong c\u00e1c b\u1ea3n remix DJ n\u00f3ng b\u1ecfng k\u1ebft h\u1ee3pc\u00f9ng v\u0169 c\u00f4ng quy\u1ebfn r\u0169.<\/span><\/p>\n<p><span style=\"font-size: 100%;\">Du thuy\u1ec1n c\u1eadp b\u1ebfn c\u1ea3ng.<\/span><\/p>\n<h3><strong>BAO G\u1ed2M:<\/strong><\/h3>\n<ul>\n<li><span style=\"font-size: 100%;\">01 b\u1eefa t\u1ed1i th\u01b0\u1ee3ng h\u1ea1ng<\/span><\/li>\n<li><span style=\"font-size: 100%;\">Ti\u1ec7c DJ v\u00e0 tr\u00ecnh di\u1ec5n nh\u1ea1c s\u1ed1ng<\/span><\/li>\n<li><span style=\"font-size: 100%;\">Khu v\u1ef1c b\u1ec3 s\u1ee5c Jacuzzi ngo\u00e0i tr\u1eddi<\/span><\/li>\n<li><span style=\"font-size: 100%;\">Khu v\u1ef1c th\u01b0 gi\u00e3n tr\u00ean boong t\u00e0u<\/span><\/li>\n<li><span style=\"font-size: 100%;\">D\u1ecbch v\u1ee5 Ambassador Concierge<\/span><\/li>\n<li><span style=\"font-size: 100%;\">B\u1ea3o hi\u1ec3m du l\u1ecbch\u00a0<\/span><\/li>\n<\/ul>\n","protected":false},"excerpt":{"rendered":"<p>TR\u00ccNH DI\u1ec4N PH\u00c1O HOA M\u1ed6I T\u1ed0I T\u1ea0I AMBASSADOR DINNER CRUISE &#8220;\ud835\udc08\ud835\udc20\ud835\udc27\ud835\udc22\ud835\udc2d\ud835\udc1e \ud835\udc2d\ud835\udc21\ud835\udc1e \ud835\udc27\ud835\udc22\ud835\udc20\ud835\udc21\ud835\udc2d \ud835\udc1a\ud835\udc27\ud835\udc1d \ud835\udc25\ud835\udc1e\ud835\udc2d \ud835\udc22\ud835\udc2d \ud835\udc2c\ud835\udc21\ud835\udc22\ud835\udc27\ud835\udc1e.&#8221; Th\u1eafp s\u00e1ng m\u00f9a h\u00e8 c\u1ee7a b\u1ea1n b\u1eb1ng nh\u1eefng s\u1eafc m\u00e0u ph\u00e1o hoa v\u00e0 l\u1ea5p \u0111\u1ea7y b\u1eefa ti\u1ec7c b\u1eb1ng nh\u1eefng kho\u1ea3nh kh\u1eafc \u0111\u00e1ng nh\u1edb. Ch\u00e0o m\u1eebng \u0111\u1ebfn v\u1edbi Ambassador Dinner Cruise &#8211; n\u01a1i kh\u1edfi \u0111\u1ea7u c\u1ee7a nh\u1eefng \u0111i\u1ec1u kh\u00e1c&#8230;<\/p>\n","protected":false},"featured_media":1020,"comment_status":"open","ping_status":"closed","template":"","meta":[],"product_brand":[],"product_cat":[158,57],"product_tag":[107,129,106,135,134,133,87,136],"class_list":{"0":"post-974","1":"product","2":"type-product","3":"status-publish","4":"has-post-thumbnail","6":"product_cat-ha-long","7":"product_cat-tour-noi-bat","8":"product_tag-du-thuyen-5","9":"product_tag-du-thuyen-6","10":"product_tag-du-thuyen-ha-long","11":"product_tag-du-thuyen-lon-nhat-vinh-ha-long","12":"product_tag-du-thuyen-xem-phao-hoa","13":"product_tag-gia-du-thuyen-ambassador","14":"product_tag-ha-long","15":"product_tag-tiec-toi-tren-vinh","17":"first","18":"instock","19":"shipping-taxable","20":"purchasable","21":"product-type-simple"},"_links":{"self":[{"href":"https:\/\/dulichngoisao.com\/index.php?rest_route=\/wp\/v2\/product\/974","targetHints":{"allow":["GET"]}}],"collection":[{"href":"https:\/\/dulichngoisao.com\/index.php?rest_route=\/wp\/v2\/product"}],"about":[{"href":"https:\/\/dulichngoisao.com\/index.php?rest_route=\/wp\/v2\/types\/product"}],"replies":[{"embeddable":true,"href":"https:\/\/dulichngoisao.com\/index.php?rest_route=%2Fwp%2Fv2%2Fcomments&post=974"}],"wp:featuredmedia":[{"embeddable":true,"href":"https:\/\/dulichngoisao.com\/index.php?rest_route=\/wp\/v2\/media\/1020"}],"wp:attachment":[{"href":"https:\/\/dulichngoisao.com\/index.php?rest_route=%2Fwp%2Fv2%2Fmedia&parent=974"}],"wp:term":[{"taxonomy":"product_brand","embeddable":true,"href":"https:\/\/dulichngoisao.com\/index.php?rest_route=%2Fwp%2Fv2%2Fproduct_brand&post=974"},{"taxonomy":"product_cat","embeddable":true,"href":"https:\/\/dulichngoisao.com\/index.php?rest_route=%2Fwp%2Fv2%2Fproduct_cat&post=974"},{"taxonomy":"product_tag","embeddable":true,"href":"https:\/\/dulichngoisao.com\/index.php?rest_route=%2Fwp%2Fv2%2Fproduct_tag&post=974"}],"curies":[{"name":"wp","href":"https:\/\/api.w.org\/{rel}","templated":true}]}}